{"id":268,"date":"2016-07-03T00:56:54","date_gmt":"2016-07-02T22:56:54","guid":{"rendered":"http:\/\/www.vdctelecom.com\/?page_id=268"},"modified":"2016-07-29T16:23:22","modified_gmt":"2016-07-29T16:23:22","slug":"wi-fi","status":"publish","type":"page","link":"https:\/\/www.vdctelecom.com\/index.php\/wi-fi\/","title":{"rendered":"Wi-fi"},"content":{"rendered":"<h1 class=\"yiv1190392602MsoNormal\"><strong><span style=\"color: #56ae00;\">Votre connexion Wi-fi<\/span><\/strong><\/h1>\n<p id=\"yui_3_16_0_ym19_1_1467498344219_4413\" class=\"yiv1190392602MsoNormal\"><strong><span id=\"yui_3_16_0_ym19_1_1467498344219_4412\" style=\"color: #ff6600;\"><span style=\"color: #56ae00;\">VDC|Telecom {+}<\/span> a des solutions Wi-fi pour tous!<\/span><\/strong><\/p>\n<p id=\"yui_3_16_0_ym19_1_1467498344219_4731\" class=\"yiv1190392602MsoNormal\"><span id=\"yui_3_16_0_ym19_1_1467498344219_4732\"><img loading=\"lazy\" class=\" wp-image-276 alignleft\" src=\"http:\/\/www.vdctelecom.com\/wp-content\/uploads\/2016\/07\/image003.png\" alt=\"image003\" width=\"190\" height=\"144\" srcset=\"https:\/\/www.vdctelecom.com\/wp-content\/uploads\/2016\/07\/image003.png 198w, https:\/\/www.vdctelecom.com\/wp-content\/uploads\/2016\/07\/image003-150x114.png 150w\" sizes=\"(max-width: 190px) 100vw, 190px\" \/>Vous apporte une solution clef en main afin d\u2019assurer un service wifi sur mesure en conformit\u00e9 avec la r\u00e9glementation en vigueur.<\/span><\/p>\n<p class=\"yiv1190392602MsoNormal\">Notre mat\u00e9riel vous permettra de fournir un service de tr\u00e8s grande qualit\u00e9 abritant les derni\u00e8res technologies en termes de r\u00e9seaux informatique, de s\u00e9curit\u00e9, de gestion des utilisateurs et de puissance.<\/p>\n<hr \/>\n<ul>\n<li class=\"yiv1190392602MsoNormal\">\n<h3><span style=\"color: #ff6600;\"><b id=\"yui_3_16_0_ym19_1_1467498344219_4867\"><span id=\"yui_3_16_0_ym19_1_1467498344219_4866\">SOLUTIONS HOTSPOT<\/span><\/b><\/span><\/h3>\n<\/li>\n<\/ul>\n<p class=\"yiv1190392602MsoNormal\"><img loading=\"lazy\" class=\" wp-image-471 alignleft\" src=\"http:\/\/www.vdctelecom.com\/wp-content\/uploads\/2016\/07\/wiffi-300x198.png\" alt=\"wiffi\" width=\"202\" height=\"133\" srcset=\"https:\/\/www.vdctelecom.com\/wp-content\/uploads\/2016\/07\/wiffi-300x198.png 300w, https:\/\/www.vdctelecom.com\/wp-content\/uploads\/2016\/07\/wiffi-228x150.png 228w, https:\/\/www.vdctelecom.com\/wp-content\/uploads\/2016\/07\/wiffi-150x99.png 150w, https:\/\/www.vdctelecom.com\/wp-content\/uploads\/2016\/07\/wiffi.png 498w\" sizes=\"(max-width: 202px) 100vw, 202px\" \/>La solution wifi Hotspot est une solution cl\u00e9 en main pour les \u00e9tablissements souhaitant mettre une zone wifi \u00e0 disposition de leurs clients et usagers.<\/p>\n<hr \/>\n<ul>\n<li class=\"yiv1190392602MsoNormal\">\n<h3><span style=\"color: #ff6600;\"><b id=\"yui_3_16_0_ym19_1_1467498344219_4870\"><span id=\"yui_3_16_0_ym19_1_1467498344219_4872\">COUVERTURE \u00c9TENDUE<\/span><\/b><\/span><\/h3>\n<\/li>\n<\/ul>\n<p class=\"yiv1190392602MsoNormal\"><img loading=\"lazy\" class=\" wp-image-469 alignleft\" src=\"http:\/\/www.vdctelecom.com\/wp-content\/uploads\/2016\/07\/cpu-300x196.png\" alt=\"cpu\" width=\"187\" height=\"122\" srcset=\"https:\/\/www.vdctelecom.com\/wp-content\/uploads\/2016\/07\/cpu-300x196.png 300w, https:\/\/www.vdctelecom.com\/wp-content\/uploads\/2016\/07\/cpu-230x150.png 230w, https:\/\/www.vdctelecom.com\/wp-content\/uploads\/2016\/07\/cpu-150x98.png 150w, https:\/\/www.vdctelecom.com\/wp-content\/uploads\/2016\/07\/cpu.png 772w\" sizes=\"(max-width: 187px) 100vw, 187px\" \/>Nos couvertures wifi \u00e9tendues sont principalement destin\u00e9es aux \u00e9tablissements de l\u2019h\u00f4tellerie, aux centres commerciaux, aux a\u00e9roports, souhaitant mettre en place des r\u00e9seaux de grandes envergures.<\/p>\n<hr \/>\n<ul>\n<li class=\"yiv1190392602MsoNormal\">\n<h3><span style=\"color: #ff6600;\"><b>ENTREPRISES<\/b><\/span><\/h3>\n<\/li>\n<\/ul>\n<p class=\"yiv1190392602MsoNormal\"><img loading=\"lazy\" class=\" wp-image-275 alignleft\" src=\"http:\/\/www.vdctelecom.com\/wp-content\/uploads\/2016\/07\/image010-300x240.png\" alt=\"image010\" width=\"189\" height=\"151\" srcset=\"https:\/\/www.vdctelecom.com\/wp-content\/uploads\/2016\/07\/image010-300x240.png 300w, https:\/\/www.vdctelecom.com\/wp-content\/uploads\/2016\/07\/image010-187x150.png 187w, https:\/\/www.vdctelecom.com\/wp-content\/uploads\/2016\/07\/image010-150x120.png 150w, https:\/\/www.vdctelecom.com\/wp-content\/uploads\/2016\/07\/image010.png 547w\" sizes=\"(max-width: 189px) 100vw, 189px\" \/><span style=\"color: #56ae00;\"><strong>VDC|Telecom {+}<\/strong><\/span> propose des solutions Wifi sur mesure adapt\u00e9es \u00e0 vos applications m\u00e9tier.<\/p>\n<hr \/>\n<h2><a href=\"http:\/\/www.vdctelecom.com\/index.php\/contacts\/\" target=\"_blank\"><img loading=\"lazy\" class=\"wp-image-758 aligncenter\" src=\"http:\/\/www.vdctelecom.com\/wp-content\/uploads\/2016\/04\/cliquerici00-1.png\" alt=\"cliquerici00\" width=\"587\" height=\"69\" srcset=\"https:\/\/www.vdctelecom.com\/wp-content\/uploads\/2016\/04\/cliquerici00-1.png 889w, https:\/\/www.vdctelecom.com\/wp-content\/uploads\/2016\/04\/cliquerici00-1-300x35.png 300w, https:\/\/www.vdctelecom.com\/wp-content\/uploads\/2016\/04\/cliquerici00-1-250x30.png 250w, https:\/\/www.vdctelecom.com\/wp-content\/uploads\/2016\/04\/cliquerici00-1-150x18.png 150w\" sizes=\"(max-width: 587px) 100vw, 587px\" \/><\/a><\/h2>\n<h2><\/h2>\n<h2><\/h2>\n<p>&nbsp;<\/p>\n<p>&nbsp;<\/p>\n","protected":false},"excerpt":{"rendered":"<p>Votre connexion Wi-fi VDC|Telecom {+} a des solutions Wi-fi pour tous! Vous apporte une solution clef en main afin d\u2019assurer un service wifi sur mesure en conformit\u00e9 avec la r\u00e9glementation en vigueur. Notre mat\u00e9riel vous permettra de fournir un service de tr\u00e8s grande qualit\u00e9 abritant les derni\u00e8res technologies en termes \u2026 <a class=\"continue-reading-link\" href=\"https:\/\/www.vdctelecom.com\/index.php\/wi-fi\/\">Commander le produit <span class=\"meta-nav\">&rarr; <\/span><\/a><\/p>\n","protected":false},"author":1,"featured_media":0,"parent":0,"menu_order":0,"comment_status":"closed","ping_status":"closed","template":"","meta":[],"amp_validity":null,"amp_enabled":true,"_links":{"self":[{"href":"https:\/\/www.vdctelecom.com\/index.php\/wp-json\/wp\/v2\/pages\/268"}],"collection":[{"href":"https:\/\/www.vdctelecom.com\/index.php\/wp-json\/wp\/v2\/pages"}],"about":[{"href":"https:\/\/www.vdctelecom.com\/index.php\/wp-json\/wp\/v2\/types\/page"}],"author":[{"embeddable":true,"href":"https:\/\/www.vdctelecom.com\/index.php\/wp-json\/wp\/v2\/users\/1"}],"replies":[{"embeddable":true,"href":"https:\/\/www.vdctelecom.com\/index.php\/wp-json\/wp\/v2\/comments?post=268"}],"version-history":[{"count":0,"href":"https:\/\/www.vdctelecom.com\/index.php\/wp-json\/wp\/v2\/pages\/268\/revisions"}],"wp:attachment":[{"href":"https:\/\/www.vdctelecom.com\/index.php\/wp-json\/wp\/v2\/media?parent=268"}],"curies":[{"name":"wp","href":"https:\/\/api.w.org\/{rel}","templated":true}]}}