{"id":37,"date":"2016-04-16T03:23:08","date_gmt":"2016-04-16T01:23:08","guid":{"rendered":"http:\/\/www.vdctelecom.com\/wordpress\/?page_id=37"},"modified":"2021-03-21T15:38:38","modified_gmt":"2021-03-21T15:38:38","slug":"ip-tv","status":"publish","type":"page","link":"https:\/\/www.vdctelecom.com\/index.php\/ip-tv\/","title":{"rendered":"T\u00e9l\u00e9vision IP"},"content":{"rendered":"<h1 style=\"text-align: justify;\"><strong><span style=\"color: #56ae00;\">Votre solution\u00a0T\u00e9l\u00e9vision IP<\/span><\/strong><\/h1>\n<p style=\"text-align: justify;\"><img loading=\"lazy\" class=\"wp-image-222 aligncenter\" src=\"http:\/\/www.vdctelecom.com\/wp-content\/uploads\/2016\/04\/iptv-300x90.jpg\" alt=\"iptv\" width=\"750\" height=\"225\" srcset=\"https:\/\/www.vdctelecom.com\/wp-content\/uploads\/2016\/04\/iptv-300x90.jpg 300w, https:\/\/www.vdctelecom.com\/wp-content\/uploads\/2016\/04\/iptv-250x75.jpg 250w, https:\/\/www.vdctelecom.com\/wp-content\/uploads\/2016\/04\/iptv-150x45.jpg 150w, https:\/\/www.vdctelecom.com\/wp-content\/uploads\/2016\/04\/iptv.jpg 609w\" sizes=\"(max-width: 750px) 100vw, 750px\" \/><\/p>\n<h3 id=\"yui_3_16_0_ym19_1_1467458489788_13443\" class=\"yiv9315432102MsoNormal\"><span style=\"color: #ff6600;\"><b id=\"yui_3_16_0_ym19_1_1467458489788_14776\"><span id=\"yui_3_16_0_ym19_1_1467458489788_14775\">Service de IPTV<\/span><\/b><\/span><\/h3>\n<p id=\"yui_3_16_0_ym19_1_1467458489788_13428\" class=\"yiv9315432102MsoNormal\" style=\"text-align: justify;\"><strong><span style=\"color: #ff6600;\">IPTV<\/span><\/strong> vous permet de passer entre les programmes d\u00e9sir\u00e9s en tout temps sans aucune attente ni publicit\u00e9. La conjugaison du mat\u00e9riel performant et du logiciel convivial vous permet de jouir des programmes haute d\u00e9finition et intelligents. Notre syst\u00e8me \u00e0 source ouverte vous permet d\u2019\u00e9tendre la fonctionnalit\u00e9 sans limite et de d\u00e9velopper le plein potentiel de l&rsquo;appareil.<\/p>\n<h2><a href=\"http:\/\/www.vdctelecom.com\/index.php\/contacts\/\" target=\"_blank\" rel=\"noopener\"><img loading=\"lazy\" class=\"wp-image-758 aligncenter\" src=\"http:\/\/www.vdctelecom.com\/wp-content\/uploads\/2016\/04\/cliquerici00-1.png\" alt=\"cliquerici00\" width=\"587\" height=\"69\" srcset=\"https:\/\/www.vdctelecom.com\/wp-content\/uploads\/2016\/04\/cliquerici00-1.png 889w, https:\/\/www.vdctelecom.com\/wp-content\/uploads\/2016\/04\/cliquerici00-1-300x35.png 300w, https:\/\/www.vdctelecom.com\/wp-content\/uploads\/2016\/04\/cliquerici00-1-250x30.png 250w, https:\/\/www.vdctelecom.com\/wp-content\/uploads\/2016\/04\/cliquerici00-1-150x18.png 150w\" sizes=\"(max-width: 587px) 100vw, 587px\" \/><\/a><\/h2>\n<h2><\/h2>\n<p>&nbsp;<\/p>\n","protected":false},"excerpt":{"rendered":"<p>Votre solution\u00a0T\u00e9l\u00e9vision IP Service de IPTV IPTV vous permet de passer entre les programmes d\u00e9sir\u00e9s en tout temps sans aucune attente ni publicit\u00e9. La conjugaison du mat\u00e9riel performant et du logiciel convivial vous permet de jouir des programmes haute d\u00e9finition et intelligents. Notre syst\u00e8me \u00e0 source ouverte vous permet d\u2019\u00e9tendre \u2026 <a class=\"continue-reading-link\" href=\"https:\/\/www.vdctelecom.com\/index.php\/ip-tv\/\">Commander le produit <span class=\"meta-nav\">&rarr; <\/span><\/a><\/p>\n","protected":false},"author":1,"featured_media":862,"parent":0,"menu_order":0,"comment_status":"closed","ping_status":"closed","template":"","meta":[],"amp_validity":null,"amp_enabled":true,"_links":{"self":[{"href":"https:\/\/www.vdctelecom.com\/index.php\/wp-json\/wp\/v2\/pages\/37"}],"collection":[{"href":"https:\/\/www.vdctelecom.com\/index.php\/wp-json\/wp\/v2\/pages"}],"about":[{"href":"https:\/\/www.vdctelecom.com\/index.php\/wp-json\/wp\/v2\/types\/page"}],"author":[{"embeddable":true,"href":"https:\/\/www.vdctelecom.com\/index.php\/wp-json\/wp\/v2\/users\/1"}],"replies":[{"embeddable":true,"href":"https:\/\/www.vdctelecom.com\/index.php\/wp-json\/wp\/v2\/comments?post=37"}],"version-history":[{"count":0,"href":"https:\/\/www.vdctelecom.com\/index.php\/wp-json\/wp\/v2\/pages\/37\/revisions"}],"wp:featuredmedia":[{"embeddable":true,"href":"https:\/\/www.vdctelecom.com\/index.php\/wp-json\/wp\/v2\/media\/862"}],"wp:attachment":[{"href":"https:\/\/www.vdctelecom.com\/index.php\/wp-json\/wp\/v2\/media?parent=37"}],"curies":[{"name":"wp","href":"https:\/\/api.w.org\/{rel}","templated":true}]}}