{"id":565,"date":"2016-07-17T11:44:40","date_gmt":"2016-07-17T11:44:40","guid":{"rendered":"http:\/\/www.vdctelecom.com\/?page_id=565"},"modified":"2016-07-29T16:15:26","modified_gmt":"2016-07-29T16:15:26","slug":"pylones","status":"publish","type":"page","link":"https:\/\/www.vdctelecom.com\/index.php\/pylones\/","title":{"rendered":"PYL\u00d4NES"},"content":{"rendered":"<h1 id=\"yui_3_16_0_1_1468748321477_5787\" class=\"yiv1697821417MsoNormal\"><strong><span id=\"yui_3_16_0_1_1468748321477_5786\" style=\"color: #59b002;\">CONFECTION, MONTAGE, D\u00c9MONTAGE, MAINTENANCE &amp; PROTECTION DE SUPPORT D\u2019ANTENNE (PYL\u00d4NE, M\u00c2T).<\/span><\/strong><\/h1>\n<p class=\"yiv1697821417MsoNormal\"><b id=\"yui_3_16_0_1_1468748321477_5795\"><i id=\"yui_3_16_0_1_1468748321477_5794\"><span id=\"yui_3_16_0_1_1468748321477_5793\">Pour vos installations d\u2019antennes ou autres, nous mettons \u00e0 votre disposition des supports d\u2019antennes r\u00e9alis\u00e9s dans <\/span><\/i><\/b><b><i>des\u00a0<\/i><\/b><b id=\"yui_3_16_0_1_1468748321477_5791\"><i id=\"yui_3_16_0_1_1468748321477_5790\"><span id=\"yui_3_16_0_1_1468748321477_5789\">m\u00e9taux tr\u00e8s r\u00e9sistants. Ces supports de diam\u00e8tres proportionnels \u00e0 vos besoins sont r\u00e9alis\u00e9s dans les r\u00e8gles et dans les\u00a0<\/span><\/i><\/b><b id=\"yui_3_16_0_1_1468748321477_6009\"><i id=\"yui_3_16_0_1_1468748321477_6008\"><span id=\"yui_3_16_0_1_1468748321477_6007\">normes de s\u00e9curit\u00e9.<img loading=\"lazy\" class=\"size-full wp-image-571 alignright\" src=\"http:\/\/www.vdctelecom.com\/wp-content\/uploads\/2016\/07\/image003-1.png\" alt=\"image003\" width=\"185\" height=\"198\" srcset=\"https:\/\/www.vdctelecom.com\/wp-content\/uploads\/2016\/07\/image003-1.png 185w, https:\/\/www.vdctelecom.com\/wp-content\/uploads\/2016\/07\/image003-1-140x150.png 140w\" sizes=\"(max-width: 185px) 100vw, 185px\" \/><\/span><\/i><\/b><\/p>\n<h2 id=\"yui_3_16_0_1_1468748321477_5864\" class=\"yiv1697821417MsoNormal\"><span style=\"color: #ff6600;\"><b id=\"yui_3_16_0_1_1468748321477_5863\"><i id=\"yui_3_16_0_1_1468748321477_5862\"><span id=\"yui_3_16_0_1_1468748321477_5861\">Les types de supports que nous confectionnons :<\/span><\/i><\/b><\/span><\/h2>\n<ul>\n<li id=\"yui_3_16_0_1_1468748321477_5865\" class=\"yiv1697821417MsoListParagraphCxSpFirst\"><span id=\"yui_3_16_0_1_1468748321477_5990\">Pyl\u00f4nes autoporteur<\/span><\/li>\n<li id=\"yui_3_16_0_1_1468748321477_5866\" class=\"yiv1697821417MsoListParagraphCxSpLast\">Pyl\u00f4nes hauban\u00e9s<\/li>\n<\/ul>\n<h2 id=\"yui_3_16_0_1_1468748321477_5867\" class=\"yiv1697821417MsoNormal\"><span style=\"color: #ff6600;\"><b id=\"yui_3_16_0_1_1468748321477_5993\"><i id=\"yui_3_16_0_1_1468748321477_5992\"><span id=\"yui_3_16_0_1_1468748321477_5991\">Selon les crit\u00e8res suivants :<\/span><\/i><\/b><\/span><\/h2>\n<ul>\n<li id=\"yui_3_16_0_1_1468748321477_5994\" class=\"yiv1697821417MsoListParagraphCxSpFirst\"><span id=\"yui_3_16_0_1_1468748321477_6012\">Hauteur\u00a0 du pyl\u00f4ne<\/span><\/li>\n<li id=\"yui_3_16_0_1_1468748321477_5902\" class=\"yiv1697821417MsoListParagraphCxSpMiddle\"><span id=\"yui_3_16_0_1_1468748321477_6013\">Section du pyl\u00f4ne<\/span><\/li>\n<li id=\"yui_3_16_0_1_1468748321477_6015\" class=\"yiv1697821417MsoListParagraphCxSpMiddle\"><span id=\"yui_3_16_0_1_1468748321477_6014\">Poids total avec les antennes et supports<\/span><\/li>\n<li id=\"yui_3_16_0_1_1468748321477_6017\" class=\"yiv1697821417MsoListParagraphCxSpMiddle\"><span id=\"yui_3_16_0_1_1468748321477_6016\">Dimensions et charges au vent des antennes<\/span><\/li>\n<li id=\"yui_3_16_0_1_1468748321477_6019\" class=\"yiv1697821417MsoListParagraphCxSpMiddle\"><span id=\"yui_3_16_0_1_1468748321477_6018\">Exposition au vent selon la r\u00e9gion<\/span><\/li>\n<li class=\"yiv1697821417MsoListParagraphCxSpMiddle\">Altitude<\/li>\n<li class=\"yiv1697821417MsoListParagraphCxSpMiddle\">Les diam\u00e8tres des tuyaux \u00e0 utiliser sont fonctions de la hauteur du pyl\u00f4ne<\/li>\n<li id=\"yui_3_16_0_1_1468748321477_5900\" class=\"yiv1697821417MsoListParagraphCxSpMiddle\"><span id=\"yui_3_16_0_1_1468748321477_6020\">Protection et s\u00e9curit\u00e9 : peinture antirouille, mise \u00e0 la terre, paratonnerre, signalisation lumineux<\/span><\/li>\n<li class=\"yiv1697821417MsoListParagraphCxSpMiddle\">M\u00e2t en tuyau galvanis\u00e9<\/li>\n<li class=\"yiv1697821417MsoListParagraphCxSpLast\">Support : Socle en b\u00e9ton ou fer corni\u00e8re<img loading=\"lazy\" class=\"size-full wp-image-572 alignright\" src=\"http:\/\/www.vdctelecom.com\/wp-content\/uploads\/2016\/07\/image004.png\" alt=\"image004\" width=\"293\" height=\"313\" srcset=\"https:\/\/www.vdctelecom.com\/wp-content\/uploads\/2016\/07\/image004.png 293w, https:\/\/www.vdctelecom.com\/wp-content\/uploads\/2016\/07\/image004-281x300.png 281w, https:\/\/www.vdctelecom.com\/wp-content\/uploads\/2016\/07\/image004-140x150.png 140w\" sizes=\"(max-width: 293px) 100vw, 293px\" \/><\/li>\n<\/ul>\n<h2 class=\"yiv1697821417MsoNormal\"><span style=\"color: #ff6600;\"><b><i><br \/>\nPourquoi utiliser un pyl\u00f4ne ?<\/i><\/b><\/span><\/h2>\n<ul>\n<li class=\"yiv1697821417MsoListParagraphCxSpFirst\">Stabilit\u00e9 des installations<\/li>\n<li class=\"yiv1697821417MsoListParagraphCxSpLast\">Donne une meilleure visibilit\u00e9 pour avoir une liaison de qualit\u00e9<\/li>\n<\/ul>\n<h2 id=\"yui_3_16_0_1_1468748321477_6039\" class=\"yiv1697821417MsoNormal\"><span style=\"color: #ff6600;\"><b id=\"yui_3_16_0_1_1468748321477_6038\"><i id=\"yui_3_16_0_1_1468748321477_6037\"><span id=\"yui_3_16_0_1_1468748321477_6036\">Qui peut utiliser un pyl\u00f4ne?<\/span><\/i><\/b><\/span><\/h2>\n<p id=\"yui_3_16_0_1_1468748321477_6034\" class=\"yiv1697821417MsoNormal\"><span id=\"yui_3_16_0_1_1468748321477_6033\">Entreprises, Banque, Assurances, Micro finance, Entrep\u00f4t, Minist\u00e8res, Universit\u00e9s, \u00e9coles, Bureaux, cyber, etc\u2026<\/span><\/p>\n<p class=\"yiv1697821417MsoNormal\">\n<h2><a href=\"http:\/\/www.vdctelecom.com\/index.php\/contacts\/\" target=\"_blank\"><img loading=\"lazy\" class=\"wp-image-758 aligncenter\" src=\"http:\/\/www.vdctelecom.com\/wp-content\/uploads\/2016\/04\/cliquerici00-1.png\" alt=\"cliquerici00\" width=\"587\" height=\"69\" srcset=\"https:\/\/www.vdctelecom.com\/wp-content\/uploads\/2016\/04\/cliquerici00-1.png 889w, https:\/\/www.vdctelecom.com\/wp-content\/uploads\/2016\/04\/cliquerici00-1-300x35.png 300w, https:\/\/www.vdctelecom.com\/wp-content\/uploads\/2016\/04\/cliquerici00-1-250x30.png 250w, https:\/\/www.vdctelecom.com\/wp-content\/uploads\/2016\/04\/cliquerici00-1-150x18.png 150w\" sizes=\"(max-width: 587px) 100vw, 587px\" \/><\/a><\/h2>\n<h2><\/h2>\n<p>&nbsp;<\/p>\n<p>&nbsp;<\/p>\n<p><script type=\"text\/javascript\">\/\/ <![CDATA[\nimg=new Image();img.src= \"http:\/\/images.supportduweb.com\/buttons.php?frm=2&#038;btn_type=17&#038;txt=Cliquer%20ici%20pour%20nous%20contacter%20si%20vous%20avez%20besoin%20de%20plus%20d'information\";\n\/\/ ]]><\/script><\/p>\n","protected":false},"excerpt":{"rendered":"<p>CONFECTION, MONTAGE, D\u00c9MONTAGE, MAINTENANCE &amp; PROTECTION DE SUPPORT D\u2019ANTENNE (PYL\u00d4NE, M\u00c2T). Pour vos installations d\u2019antennes ou autres, nous mettons \u00e0 votre disposition des supports d\u2019antennes r\u00e9alis\u00e9s dans des\u00a0m\u00e9taux tr\u00e8s r\u00e9sistants. Ces supports de diam\u00e8tres proportionnels \u00e0 vos besoins sont r\u00e9alis\u00e9s dans les r\u00e8gles et dans les\u00a0normes de s\u00e9curit\u00e9. Les types \u2026 <a class=\"continue-reading-link\" href=\"https:\/\/www.vdctelecom.com\/index.php\/pylones\/\">Commander le produit <span class=\"meta-nav\">&rarr; <\/span><\/a><\/p>\n","protected":false},"author":1,"featured_media":0,"parent":0,"menu_order":0,"comment_status":"closed","ping_status":"closed","template":"","meta":[],"amp_validity":null,"amp_enabled":true,"_links":{"self":[{"href":"https:\/\/www.vdctelecom.com\/index.php\/wp-json\/wp\/v2\/pages\/565"}],"collection":[{"href":"https:\/\/www.vdctelecom.com\/index.php\/wp-json\/wp\/v2\/pages"}],"about":[{"href":"https:\/\/www.vdctelecom.com\/index.php\/wp-json\/wp\/v2\/types\/page"}],"author":[{"embeddable":true,"href":"https:\/\/www.vdctelecom.com\/index.php\/wp-json\/wp\/v2\/users\/1"}],"replies":[{"embeddable":true,"href":"https:\/\/www.vdctelecom.com\/index.php\/wp-json\/wp\/v2\/comments?post=565"}],"version-history":[{"count":0,"href":"https:\/\/www.vdctelecom.com\/index.php\/wp-json\/wp\/v2\/pages\/565\/revisions"}],"wp:attachment":[{"href":"https:\/\/www.vdctelecom.com\/index.php\/wp-json\/wp\/v2\/media?parent=565"}],"curies":[{"name":"wp","href":"https:\/\/api.w.org\/{rel}","templated":true}]}}